2 - 9).
82
Evaluate (-2 + -1 - -2) + 100 + -47 + -18.
34
What is (44 - 24) + -16 + 2 + -32?
-26
90 - ((11 - (21 - -7)) + -2)
109
Calculate 216 + -128 + 159 + -97.
150
What is the value of (91 - (1 - 1)) + 6 + -5 + (1058 - 1056)?
94
Calculate 1 - (8 + (12 - (4 + 6) - (1 - 4))).
-12
What is -108 + 1 + (-21 - -113)?
-15
Evaluate 20 + 31 + 28 + -95 + 43 + -1.
26
Calculate 32 + -32 - (2 + -1 + 1 + 1 - -84).
-87
-3 + 117 - (84 - 100 - (1 + -8))
123
Calculate -17 - 34 - -13 - -19.
-19
What is the value of (-16 + 31 + -24 - 16) + 21?
-4
-103 - (14 - 70) - -8
-39
Calculate (28 - (-13 + 6 + -30)) + 15.
80
Evaluate (48 - -14) + (-5 - 15) + 32.
74
What is the value of -28 + 167 - (-57 + 44 + 4 + -1 + 10)?
139
What is -19 + 36 + (-9 - (51 + -32))?
-11
Evaluate 11 - (-11 + (-5 + -7 - -32) + 2).
0
What is the value of 121 + -310 + -40 + 124?
-105
Calculate 2 - (5 + 5 + -22 + 20 + 5).
-11
Calculate 19 - (-2 + 1) - (915 - 906).
11
-32 + (-9 - ((44 - 12) + 31))
-104
((-3 - 13) + 12 - -8) + -33 - -4
-25
Evaluate (-39 - (12 + (1 - 2))) + (2 - -11).
-37
What is 4 + -2 + -150 - (-14324 + 14328)?
-152
What is the value of 74 + 8 + 1 + 851 + -865?
69
16 - (-19 + 2 + 13 + -1 + 29)
-8
What is the value of -2669 - -2653 - (0 + -54)?
38
Evaluate 75 + (12 + -4 - 37) + 11.
57
Evaluate (7 - 6) + (-16 - (9 - 15)) - 68.
-77
What is the value of -19 + (3 - (84 + -72 + (-2 - (8 + 0))))?
-18
What is the value of 3 + 105 + 4 - (9 - (16 + -26))?
93
Calculate (0 - 23) + (-317 - -280) + 27.
-33
Evaluate 62 - (-18 - (46 - 100)).
26
Calculate -9 + -8 - -3 - (154 - 177).
9
Evaluate (-29 - -35) + (-5 - (130 - 17) - 4).
-116
What is the value of (3 - (6 + 5) - -77) + 5 + 4 + -17?
61
Evaluate (-10 - (-26 - -75)) + 142.
83
Calculate 6 + -4 + (16 - (15 - 6)) + -13 + 67.
63
What is -102 - (-4 - ((38 - 12) + -5))?
-77
Calculate 108 - 20 - (57 - 6).
37
Calculate (525 - 516) + (4 + -5 - -27).
35
What is the value of 0 + 0 - -8 - (-124 + -39 + 103)?
68
-244 + (-24 - -277) + -99 + 1 + 0 + 1
-88
Evaluate 5 - (-2 - 20 - (53 - 86)).
-6
Evaluate 6 + (-15 - 5) + 21 + -1 + 2 + 7.
15
(-196 - (-20 - 130)) + -58
-104
What is 0 + 108 + (-36 - (-43 + (24 - (34 - 24))))?
101
What is the value of (-37 - (-25 - 9)) + 9 + 4 + -3?
7
329 + -311 + (24 - 1) + 24
65
(3 - -142) + -4 - (99 - (-36 - -126))
132
Evaluate 10 + 0 - (24 + -2 - (-71 + 12 + -8)).
-79
Evaluate -48 + -1 + (10441 - 10443).
-51
54 + (-154 - -81) + -61
-80
What is the value of -40 + 7 + -1 - (8 + 9 + -9 - 17)?
-25
What is -48 - (-15 + -14 - (-8 - -1))?
-26
Evaluate 31 + 5 + (-38 - -34) - -8.
40
What is (-7 - (-64 + -10)) + 136 + -138 + 1 + 1?
67
Evaluate (-99 - (22 + -112)) + 3 + -1 + 42 + 11.
46
What is 36 + ((7 - -2) + (-40 - -43) - 25)?
23
-121 - (-137 - -9) - (1 - (-2 + -6))
-2
What is the value of (-10 - (-107 - -73)) + -71?
-47
What is (2 - 12) + 2 + (27 - 7) - (28 - -19)?
-35
-3 + 48 - (-2 - (50 - 27))
70
46 - (-2 + 0 + (0 - -10) + (-9 - -9))
38
What is 6 + (-22 - (-16 - -13) - (9 - (-2 - -1)))?
-23
Calculate (12 - (4 - 8)) + (4272 - 4419).
-131
85 + 0 + (14 - 28) + 11
82
What is 23 + -10 + -65 - (-7 + -16)?
-29
What is (87 - -67) + (-51 - 58)?
45
What is 3574 - 3593 - (-1 - -2 - 61)?
41
Calculate 40 + 38 + -40 + -68.
-30
Evaluate -122 + (129 - 83) + -45.
-121
What is -39 - ((-81 - -68) + -57)?
31
Calculate (40 - ((-8 - -15) + -2)) + (34 - 35).
34
What is 384 + -346 + -56 + (-1 - -35)?
16
What is the value of -52 - (-1 - (-15 + 23)) - (-6 - 11)?
-26
Evaluate 669 + -707 + 1 + 49.
12
What is (108 - (-28 - -103)) + 28?
61
What is 63 + 85 + (-76 - 14)?
58
Calculate -26 + (-10 - -29) - (5 - 3) - -5.
-4
What is (-21 - (11 + -21) - 55) + (-12 - -15)?
-63
11 - (-10 + 10 + 1 + -24)
34
What is -3 - 24 - (-72 - 1)?
46
What is (-426 - -436) + (69 - 5)?
74
Calculate -2 + 5 - -22 - (-804 - -792 - (0 - 24)).
13
24 - ((-9 - -24) + -4 + (-13 - -1))
25
What is 38 + -9 + -15 - ((-23 - -11) + 54)?
-28
Calculate (-41 - -14) + 92 - 120.
-55
What is (-142 - -152) + (11 - -1)?
22
Calculate -635 - -630 - (1 + -128 - (-11 + 2 + 6)).
119
What is 184 - (108 - (-70 - -57))?
63
What is 22 + (-68 - -21) + 28?
3
Evaluate 42 - (6 + (-16 - -24 - 3)).
31
What is 4 - -6 - (-204 - -96 - -2)?
116
Calculate 0 + -22 - (-2 - (1 + 1) - (-5 + 8)).
-15
What is 1 + 6 - (720 + -756)?
43
Evaluate 10544 + -10533 + (0 - 0) + -51.
-40
22 + -24 - 60 - (-24 + 34)
-72
Calculate -7 - (-26 + -3 + (-1 - -7) + -8).
24
Calculate 32 + 2 - (-1093 + 1141).
-14
What is the value of (-5 - (3 - 22) - 31) + 31?
14
What is the value of (156 - (-37 + 169)) + -155 + -2 + -3?
-136
What is 5 + (-12 - (13 + -4 + -7 + (14 - 8)))?
-15
-8 + 6 + 4 + 154 + -99
57
(26 - (-9 + -20)) + -104
-49
What is the value of 74 + (233 - 210 - (-2 + (20 - 1)))?
80
Calculate (-2 - (25 + -8) - (-11 + 1)) + 48.
39
What is the value of 10 - (44 + -20) - (37 + (2 - 7))?
-46
(3 - -1 - (-93 + 94)) + 0 + 3 + 3
9
What is 25 + -3 - ((-61 - -264) + -170)?
-11
Calculate -44 - ((9 - 4 - 15) + (-39 - -55)).
-50
Calculate 9 + 10 + (1 - -3) + -21 + 56 + -70.
-12
What is (-7 - -2) + -20 + 27 + 65?
67
What is the value of (25 + -23 - -26) + -66 + 0 + 1?
-37
What is -7477 + 7492 + (24 - 0)?
39
Calculate (-1 - -46) + -2428 + 2361 + 6.
-16
Calculate (-17 - (-1 + 1)) + (1421 - 1408).
-4
What is (0 - 51) + (1953 - 1950)?
-48
What is the value of -1 + -13 + 5 + ((-17 - -1) + 7 - 1)?
-19
43 + -16 + -22 + (-85 - -85)
5
0 - (-13 - -8) - 7 - (7 - 1)
-8
What is the value of (-8 + 10 - -36) + (-28 - 8) + 29?
31
Calculate 1 + 26 - (18 + -61 + 9).
61
What is 26 + (11 - (-5 - 0 - 6))?
48
What is (-6 + 8 - 23) + -181 + 167?
-35
Calculate 33 - (46 - 13) - 44.
-44
What is (26 - 28) + -28 - -62?
32
What is (1 - 14) + 45 + 57 + -5 + (9 - 19)?
74
Calculate (-20 - (38 + -52)) + 12.
6
2 + -5 + (11 - (28 - 15)) + -61
-66
19 - -199 - (-32 + 144)
106
What is the value of -3 + -82 - (192 + -230)?
-47
Evaluate -23 - (0 - -27 - 21) - 10.
-39
Evaluate 14 - 2 - 13 - -4 - (4 - 18).
17
-5 - -79 - (-17 - (-13 - (21 + -14)))
71
What is (13 + 18 - -10 - 26) + 54?
69
Evaluate 26 + (-23 - -10) + (3 - (14 + -1)) + -68.
-65
Evaluate -38 - ((3 - (18 - -2) - -10) + 5).
-36
-13 + 22 + -22 + 43 - 30
0
(3 - (-3 + -16)) + -5 + 109 + -27
99
Calculate 16 + (-94 - (-92 + -46)).
60
(16 - 12) + 96 - 139
-39
Calculate (-20 - -27) + (-52 - -50) + 31.
36
What is the value of -14 - 46 - 9 - -43?
-26
What is the value of (8 - -33) + -52 - 49?
-60
What is (8 - 9 - -6) + 33 + (7 - 18)?
27
-19 + 18 + 20 + -22 + (-39 - -1)
-41
Calculate 110 + (-12 + -11 + 32 - (16 - (-1 - -3))).
105
What is (20 - 6 - -40) + -63?
-9
Calculate 23 + (37 + -2 - (55 + -58)).
61
Calculate -1 + -14 + (24 - (-3 + 1)) - 42.
-31
What is (1 - 5) + -91 - (-452 + 419)?
-62
Calculate 11 - (-2 + -5 + (-5 - (-7 - 9))).
7
Evaluate 87 - (-123 + 52 - -193).
-35
Calculate -41 + (23 + -5 + 1 + -3 - (-283 + 295)).
-37
Evaluate 42 + 88 + -128 - (1 - 0 - -50).
-49
Evaluate 20 - (-18 - (16 + (-4 - 41))) - (43 + 1).
-35
Calculate -10 + 16 + 10 + 64 + 9 + (7 - 2).
94
What is (-24 - -43) + (102 - 66)?
55
Calculate 8 - -24 - 4 - (27 + -33).
34
Evaluate 17 + -55 + (4 + 2 - (1 + 5 - -1)).
-39
-859 + 855 + (-3 + 44 - -1)
38
What is the value of -168 + 132 + 13 + (-1 - -103)?
79
What is 53 + -20 + (-1 - -20) + 22 + 19?
93
What is 35 + -40 - (25 - 22)?
-8
What is the value of -39 - (3 + (-2 - (10 + (11 - 13))) + 13)?
-45
Calculate -97 + (90 - (78 - -29)).
-114
Evaluate -14 + -2 - (-797 - -783).
-2
Calculate -1 + -6 + 11 - (66 - 5) - (-15 - -19).
-61
Evaluate -23 + -55 + 104 - 65.
-39
3 + (1 + 2 - -5) - (-150 + 200)
-39
-122 - -94 - -33 - (0 + 2 + 1 + -50)
52
Evaluate 10 + 0 + (-225 + 198 - (-1 - 24)).
8
-90 + 1 + (-115 - -134) - 0
-70
40 - (19 - 11) - 15
17
-30 + 0 + 13 + 29
12
Evaluate (-19 - -38) + -76 + (0 - -23).
-34
Calculate 2 - (-12 + 59 + -38).
-7
What is 4 + (-10 - -5) + (52 - -1)?
52
What is (-9 - (-9 + 21 + -22 - 67)) + (-1 - -14)?
81
Evaluate -4 - ((18 - (21 + 35)) + 5).
29
What is the value of (-3 - 3) + (7 - (2 + 20 - (-54 + 51)))?
-24
Evaluate (-24 - (-1 - 5)) + 34 + 37.
53
Calculate -12 - (-5 + 3 - -18 - (24 + -13)).
-17
-2 - -190 - (230 + 43 + -230)
145
Evaluate 18 - (1 + -1 + (-164 - -156) - 15).
41
(-4 - -18) + -29 - (8 + -8) - -38
23
26 - ((-35 + 11 - -18) + (-5 - -2))
35
-3 + -10 - (1 + -63 + -547 + 550)
46
Evaluate -22 - ((-10 -